ime factors of 112814879.
101, 409, 2731
What are the prime factors of 50699901?
3, 7, 2414281
What are the prime factors of 135321235?
5, 7, 953, 4057
List the prime factors of 1001651256.
2, 3, 1427, 9749
List the prime factors of 23844882.
2, 3, 23, 131, 1319
List the prime factors of 51213392.
2, 3200837
What are the prime factors of 420789007?
97, 4338031
What are the prime factors of 103099541?
227, 454183
What are the prime factors of 5377550954?
2, 149, 18045473
List the prime factors of 68170842.
2, 3, 59, 21397
What are the prime factors of 89016588?
2, 3, 2472683
What are the prime factors of 63845403?
3, 389, 54709
What are the prime factors of 48207353?
48207353
What are the prime factors of 106226985?
3, 5, 43, 157, 1049
List the prime factors of 1399331.
19, 47, 1567
What are the prime factors of 965352775?
5, 4271, 9041
List the prime factors of 84271895.
5, 16854379
List the prime factors of 12404608.
2, 96911
List the prime factors of 1092282838.
2, 546141419
What are the prime factors of 1082796678?
2, 3, 53, 1135007
List the prime factors of 101971409.
283, 360323
What are the prime factors of 15174437?
73, 207869
What are the prime factors of 11601507?
3, 3867169
List the prime factors of 11835973.
29, 408137
What are the prime factors of 1519303507?
1519303507
What are the prime factors of 46862275?
5, 1874491
List the prime factors of 1112777108.
2, 278194277
What are the prime factors of 12131700?
2, 3, 5, 7, 53, 109
What are the prime factors of 104319788?
2, 59, 442033
What are the prime factors of 52139892?
2, 3, 7, 31, 20023
What are the prime factors of 2467136848?
2, 11, 14017823
What are the prime factors of 459193096?
2, 57399137
List the prime factors of 1207748969.
7, 17, 2729, 3719
What are the prime factors of 62674240?
2, 5, 17, 41, 281
What are the prime factors of 191874402?
2, 3, 61, 174749
List the prime factors of 62179532.
2, 15544883
What are the prime factors of 1057995486?
2, 3, 19592509
List the prime factors of 869754883.
929, 936227
List the prime factors of 50052638.
2, 37, 676387
List the prime factors of 441900670.
2, 5, 19, 2325793
What are the prime factors of 11905597?
11, 167, 6481
What are the prime factors of 300029035?
5, 2141, 28027
What are the prime factors of 15035717?
29, 518473
List the prime factors of 320668.
2, 80167
List the prime factors of 186270808.
2, 23283851
List the prime factors of 6724976.
2, 379, 1109
List the prime factors of 73269570.
2, 3, 5, 11, 222029
What are the prime factors of 923928528?
2, 3, 19248511
What are the prime factors of 78010991?
733, 106427
What are the prime factors of 3053631687?
3, 71, 14336299
List the prime factors of 255475807.
131, 14887
List the prime factors of 201257755.
5, 179, 224869
List the prime factors of 101083393.
101083393
List the prime factors of 3145008744.
2, 3, 19, 2298983
What are the prime factors of 5445197143?
59, 101, 617, 1481
What are the prime factors of 31193412?
2, 3, 2599451
List the prime factors of 2277550556.
2, 43, 53, 433, 577
List the prime factors of 4468154527.
31, 144134017
What are the prime factors of 863273169?
3, 11, 53, 14957
What are the prime factors of 27810363?
3, 7, 313, 4231
What are the prime factors of 9725768?
2, 13, 17, 5501
List the prime factors of 74106218.
2, 83, 433, 1031
List the prime factors of 4139876169.
3, 11, 13, 1072229
List the prime factors of 42665254.
2, 929, 22963
What are the prime factors of 42623458?
2, 21311729
List the prime factors of 164114627.
164114627
List the prime factors of 2615174071.
53, 49342907
List the prime factors of 98866510.
2, 5, 29, 340919
What are the prime factors of 300591393?
3, 23, 4356397
What are the prime factors of 9092876?
2, 13, 13451
List the prime factors of 3379836155.
5, 809, 835559
List the prime factors of 1544394832.
2, 233, 414269
List the prime factors of 3591137390.
2, 5, 359113739
List the prime factors of 2041390676.
2, 13, 4751, 8263
What are the prime factors of 456190391?
61, 2351, 3181
What are the prime factors of 326189912?
2, 29, 109, 12899
List the prime factors of 2834511899.
103, 27519533
List the prime factors of 144744703.
37, 929, 4211
What are the prime factors of 750045811?
750045811
List the prime factors of 11229420.
2, 3, 5, 211, 887
What are the prime factors of 35993112?
2, 3, 1499713
List the prime factors of 154688885.
5, 13, 743, 3203
List the prime factors of 15123961.
15123961
What are the prime factors of 97752679?
1321, 73999
What are the prime factors of 395941993?
395941993
List the prime factors of 4096405505.
5, 819281101
List the prime factors of 1243189.
19, 59, 1109
List the prime factors of 403465076.
2, 7, 19, 758393
List the prime factors of 127584162.
2, 3, 7088009
List the prime factors of 23481051.
3, 11, 37, 19231
What are the prime factors of 725766615?
3, 5, 7, 29, 71, 373
List the prime factors of 926736681.
3, 13, 823, 2221
List the prime factors of 177964557.
3, 149, 359, 1109
List the prime factors of 1135105144.
2, 19, 467, 15991
What are the prime factors of 1073713260?
2, 3, 5, 17895221
List the prime factors of 4817000559.
3, 7, 53, 4327943
What are the prime factors of 212071599?
3, 109, 216179
What are the prime factors of 2043390?
2, 3, 5, 68113
What are the prime factors of 404671498?
2, 7, 11, 375391
What are the prime factors of 58791670?
2, 5, 7, 119983
List the prime factors of 685900114.
2, 19, 18050003
What are the prime factors of 107023760?
2, 5, 157, 8521
List the prime factors of 256229290.
2, 5, 25622929
List the prime factors of 1376984665.
5, 7, 113, 348163
List the prime factors of 933559286.
2, 11, 3857683
What are the prime factors of 119437283?
7, 29, 588361
What are the prime factors of 104900417?
811, 129347
List the prime factors of 297797603.
59, 5047417
What are the prime factors of 165095990?
2, 5, 1399, 11801
What are the prime factors of 110959519?
11, 127, 79427
List the prime factors of 231706550.
2, 5, 179, 25889
List the prime factors of 1317033661.
73, 18041557
List the prime factors of 348109768.
2, 43, 1011947
What are the prime factors of 456265547?
947, 481801
List the prime factors of 473232777.
3, 157744259
List the prime factors of 2049622381.
31, 3307, 19993
List the prime factors of 295544613.
3, 7, 13, 1082581
What are the prime factors of 982624609?
113, 233, 37321
What are the prime factors of 76113076?
2, 13, 877, 1669
List the prime factors of 463059049.
463059049
What are the prime factors of 936813343?
936813343
List the prime factors of 241202331.
3, 26800259
What are the prime factors of 38564928?
2, 3, 23, 41, 71
List the prime factors of 237639571.
13, 18279967
What are the prime factors of 152529291?
3, 101, 55933
List the prime factors of 62716449.
3, 859, 24337
What are the prime factors of 2586072955?
5, 59, 229, 38281
What are the prime factors of 3512208314?
2, 27743, 63299
What are the prime factors of 427526586?
2, 3, 487, 5419
List the prime factors of 1093569134.
2, 7, 449, 173969
What are the prime factors of 213469977?
3, 7, 10165237
What are the prime factors of 2234137401?
3, 19, 13065131
What are the prime factors of 113743306?
2, 56871653
List the prime factors of 34275974.
2, 17137987
List the prime factors of 6228036722.
2, 54499, 57139
What are the prime factors of 386516089?
29, 13328141
What are the prime factors of 32508626?
2, 233, 69761
List the prime factors of 110654983.
857, 129119
What are the prime factors of 40306779?
3, 17, 263443
List the prime factors of 29682185.
5, 13, 456649
List the prime factors of 342219521.
7, 48888503
List the prime factors of 10363691.
13, 797207
List the prime factors of 28091031.
3, 107, 87511
What are the prime factors of 716778757?
716778757
What are the prime factors of 212950281?
3, 37, 1918471
What are the prime factors of 4487896407?
3, 1495965469
List the prime factors of 81218075.
5, 103, 31541
List the prime factors of 360936656.
2, 17, 419, 3167
List the prime factors of 1503049196.
2, 11, 937, 36457
List the prime factors of 18465039.
3, 2051671
List the prime factors of 1867695715.
5, 97, 727, 5297
What are the prime factors of 1339299769?
163, 313, 26251
List the prime factors of 122065013.
7, 89, 195931
List the prime factors of 650944309.
8